 is divided by 60/14 + (-12)/42?
2
Suppose -5*i = -4*z - 86, 16 = 3*i + 3*z - 14. Calculate the remainder when i is divided by 4.
2
Suppose 4*b - 78 = -2*p, 0*p + 2*b + 51 = p. Calculate the remainder when p is divided by 17.
11
What is the remainder when (4/(-8))/((-2)/1244) is divided by 39?
38
Let b(x) = x**2 + 5*x - 5. Let u be b(-4). Let y be 1 - u - 2 - 3. Suppose -y*q + 32 = -43. Calculate the remainder when 29 is divided by q.
14
Suppose 3*p = -2*z + 70, 0*p = 5*p - z - 134. What is the remainder when p is divided by 14?
12
Let t(o) = -7*o - 3. Let l = 5 + -3. Suppose -6*n = -l*n - 16. Calculate the remainder when t(-2) is divided by n.
3
Suppose 4*t = -4*f + 32, -5*f = 2*t + t - 20. Calculate the remainder when (8/t)/(2/40) is divided by 9.
7
Let t(u) = 30*u**2 + 2*u + 1. Let n be t(-1). Let s = n - 21. Calculate the remainder when 14 is divided by s.
6
Let m(f) = -2*f**2 - 2*f + 2. Let c(a) = 3*a**2 + 3*a - 5. Let v(l) = -3*c(l) - 5*m(l). Let k(i) = 3*i + 4. What is the remainder when k(3) is divided by v(0)?
3
Suppose 74 + 241 = 5*k. Calculate the remainder when k is divided by 22.
19
Suppose 0 = 6*g - 11 - 25. Let m be (2 + -1)/1 + 1. Suppose m*k = 3*v + 49, -5*k = -0*v - 2*v - 95. What is the remainder when k is divided by g?
5
Let b(a) be the first derivative of -2*a**2 - a - 1. Calculate the remainder when 21 + (0/(-2) - 50/(-10)) is divided by b(-2).
5
Let t = -8 - -21. Calculate the remainder when 24 is divided by t.
11
Suppose 3*l + 3*h - 44 + 5 = 0, 4*h = 5*l - 110. Let f(p) = -p**2 - 15*p - 1. Calculate the remainder when f(-12) is divided by l.
17
Let m = 74 - 52. Let l(a) = -a**2 + a + 2. Let k be l(-4). Calculate the remainder when (-760)/k - 12/54 is divided by m.
20
Let f(k) = k**3 + 5*k**2 - 2*k + 4. Let q be f(-5). Let l = q - 4. Let a = l + 12. What is the remainder when a is divided by 12?
10
What is the remainder when (-10)/(-45) - (-106)/9 is divided by 5?
2
Suppose -7 = b + 5*j, -5*b + 2*j + j = -105. Let k(z) = -z**2 + 5*z + 3. Let x be k(5). Suppose -50 = -x*u - 2*u. What is the remainder when b is divided by u?
8
Suppose -2*s - 4*r + 6 = 16, -5*s = -3*r - 40. Suppose s*a = 9*a - 412. What is the remainder when a is divided by 26?
25
Suppose -3*a - 12 - 21 = 0. Let q = a - -95. Suppose w + q = 3*w. Calculate the remainder when w is divided by 22.
20
Let p(s) = -2*s**3 + 2*s**2 - 3. Let l(y) = -y**3 + 3*y**2 - y - 2. Let x(w) = 3*l(w) - 2*p(w). Calculate the remainder when x(-5) is divided by 4.
3
Let w(o) = 3*o**2 + 4*o + 2. Let f be w(-4). Suppose -4*d = -5*c - f - 38, 8 = 2*c. What is the remainder when 67 is divided by d?
21
Let i(g) = 3*g**2 - 2*g. Suppose -9 = -3*q - d + 111, q = 2*d + 40. Calculate the remainder when q is divided by i(3).
19
Suppose 4*r = 2*f + 74, -2*f - 2*f + 104 = 4*r. What is the remainder when 82 is divided by r?
19
Let u(o) = o. Let l be u(4). Let p = l + -4. Suppose 4*x + 0*x - 40 = p. Calculate the remainder when 18 is divided by x.
8
Let t(f) = f**3 - 4*f**2 - 6*f + 6. Calculate the remainder when 3 is divided by t(5).
0
Let t(c) = 7*c**2 + c - 3. Calculate the remainder when 42 is divided by t(-2).
19
Let a(q) = q**2 + q + 3. What is the remainder when ((-3)/(-2))/(18/312) is divided by a(-3)?
8
Let s(h) = -6*h - 4. Let n be ((-1)/(-2))/(5/(-60)). What is the remainder when s(n) is divided by 11?
10
Suppose -3*r + 0*r - 96 = 0. Let b = -1 - r. What is the remainder when b is divided by 4 - (-2)/(10/35)?
9
Let x = 58 + -44. What is the remainder when x is divided by 4?
2
Let o(m) = -m**3 + 18*m**2 + 7*m - 8. Calculate the remainder when o(18) is divided by 24.
22
Let d(k) = k + 9. What is the remainder when d(6) is divided by 6?
3
Let m = -12 + 18. What is the remainder when 27 is divided by m?
3
Let v be (-1)/2*(-5 - -1). Suppose -2*j = v, -2*w - 3*j = -3 - 4. What is the remainder when w is divided by (2/4)/((-2)/(-12))?
2
Suppose g + 28 = 2*g. What is the remainder when 110 is divided by g?
26
Calculate the remainder when 25 is divided by 1*(-3)/(3/(-7)).
4
What is the remainder when (-1)/3*-46*3 is divided by 12?
10
Let m(c) = 5*c - 23. Calculate the remainder when m(7) is divided by 5.
2
Let x(j) = 4*j + 78. Calculate the remainder when 64 is divided by x(-11).
30
Let h(u) = -u - 1. Let g be h(-4). Suppose -12 = -g*o + 9. What is the remainder when o is divided by 3?
1
Suppose -b = -0 - 8. Suppose w - 30 = -2*w. Calculate the remainder when w is divided by 51/12 + (-2)/b.
2
Suppose -4*g + 170 = g. What is the remainder when g is divided by 19?
15
Suppose 0 = -2*i - 26 - 60. Let g = -28 - i. Suppose 4*y - 22 = 2*y + 3*k, -5*k = -2*y + 26. What is the remainder when g is divided by y?
7
Suppose 2*h - 5*y - 148 = 0, -4*y = 3*h - h - 112. Calculate the remainder when h is divided by 17.
13
Suppose -m - 5*c = 3*m - 76, 3*m + 4*c = 56. Suppose -2*o + m = -0*o. What is the remainder when 35 is divided by o?
11
Let j = 13 - 9. What is the remainder when j is divided by 3?
1
Suppose -48 = -8*v + 4*v. What is the remainder when v is divided by 7?
5
Suppose 61*p - 62*p = -5. Suppose -2*y + 20 = 2*i, 3*i - 5*i = -4*y + 64. What is the remainder when y is divided by p?
4
Suppose -21*p + 24*p - 21 = 0. Calculate the remainder when p is divided by 6.
1
Calculate the remainder when 20 is divided by (-3*(-1)/6)/((-1)/(-26)).
7
Let u(o) = -o + 2. Calculate the remainder when u(-9) is divided by 3.
2
Let z(c) = c**3 + c**2 + c + 7. What is the remainder when 1*11 + (2 - 1) is divided by z(0)?
5
Suppose -4*s + 5*i = -0*i - 84, -3*s - 3*i = -36. Let f = -60 + 121. What is the remainder when f is divided by s?
13
Let b be 0 + 4 + (0 - -1). Suppose b*d - 19 = -4. Suppose -10 = -d*z - 1. What is the remainder when 4 is divided by z?
1
Let k = 70 + -22. Let f = k + -34. Calculate the remainder when 39 is divided by f.
11
Let j(u) = 15*u**2 - 2*u + 1. Let r be j(2). Suppose -3*o = 6 - r. Calculate the remainder when o is divided by 1*(9 + 0 + 0).
8
Let o = -34 - -37. What is the remainder when -1*(3*-2 + -1) is divided by o?
1
Let x be (-1)/2*-2 - 3. Let z = 2 + x. Suppose z*d + 4*d = 20. Calculate the remainder when 8 is divided by d.
3
Let x(b) = -b**3 - 3*b**2 + 4*b. Let q(r) = r**3 + 3*r**2 - 4*r. Let z(y) = -5*q(y) - 6*x(y). Calculate the remainder when z(-3) is divided by 7.
5
Let p = 43 - 20. Let v = p + -13. What is the remainder when 27 is divided by v?
7
Let z(l) = 6*l**2 + 1. Suppose -3*g - 3 = 3*k, 0 = 4*g + g - 5*k + 5. Let c be (g + 4)/3 + -2. What is the remainder when 20 is divided by z(c)?
6
Suppose u - 29 = -2. Suppose -u = -4*g + 3*g + 3*n, -4*n = -g + 32. What is the remainder when g is divided by 7?
5
Let v(i) = -4*i + 5. What is the remainder when 122 is divided by v(-5)?
22
Let v(i) = 3*i + 5. What is the remainder when v(11) is divided by 10?
8
Let a = 19 - 6. Calculate the remainder when 36 is divided by a.
10
Let c(i) = -i. Let m(k) = k**2 - k. Let u(y) = -4*c(y) + 4*m(y). Suppose 1 = -5*r + 11. What is the remainder when 29 is divided by u(r)?
13
Let b(i) = -i**3 + 11*i**2 - 9*i + 13. Let y be b(10). Suppose -33 = -4*w + y. Calculate the remainder when -1*1 + 0 + 28 is divided by w.
13
Suppose 0 = -o - 2, -5*r + 3*o + 0*o = -161. What is the remainder when 90 is divided by r?
28
Suppose -5*n = 4*m - 32, 5*n - m - 44 = m. Suppose -4*q + 12 = -0*q, -3*q = -3*j + 33. Calculate the remainder when j is divided by n.
6
Suppose 2*h - 7*o + 2*o - 9 = 0, h + 2*o - 27 = 0. What is the remainder when h is divided by 11?
6
Let i = 7 + -8. Let a = 6 + i. What is the remainder when 8 is divided by a?
3
Suppose 0 = 4*h - h - 9. Suppose 2*g + 3 = h*g - 2*u, -g - 4*u = -27. Let j = -25 + 46. Calculate the remainder when j is divided by g.
10
Suppose -3*d - 128 = -5*d. What is the remainder when d is divided by 34?
30
Suppose 0 = -2*w + 2*y + 216, 3*w - y - 320 = -2*y. What is the remainder when w is divided by 27?
26
Let c be -1 + (0 - -5) - 1. Suppose -35 = s - 3*s + c*b, 54 = 3*s - 5*b. Calculate the remainder when 38 is divided by s.
12
Suppose 0*z - 4*u = z + 1, 17 = 3*z + 2*u. Let o(h) = -17*h + 1. Calculate the remainder when o(-1) is divided by z.
4
Let w(o) = o**2 + 2*o + 4. Suppose 2*t + 105 = 7*t. What is the remainder when t is divided by w(2)?
9
Let v = 17 - 12. Calculate 